

{"id":43,"date":"2019-07-23T16:30:03","date_gmt":"2019-07-23T13:30:03","guid":{"rendered":"http:\/\/www.hamsac.org\/?page_id=43"},"modified":"2019-07-23T16:30:03","modified_gmt":"2019-07-23T13:30:03","slug":"ham-sac-cesitleri","status":"publish","type":"page","link":"http:\/\/www.hamsac.org\/index.php\/ham-sac-cesitleri\/","title":{"rendered":"Ham Sa\u00e7 \u00c7e\u015fitleri"},"content":{"rendered":"\n<h2 class=\"wp-block-heading\">Ham Sa\u00e7 \u00c7e\u015fitleri<\/h2>\n\n\n\n<div class=\"wp-block-image\"><figure class=\"alignleft\"><a href=\"https:\/\/web.archive.org\/web\/20180901074124\/http:\/\/hamsac.org\/wp-content\/uploads\/2015\/06\/Toptan-sa\u00e7.jpg\"><img decoding=\"async\" src=\"https:\/\/web.archive.org\/web\/20180901074124im_\/http:\/\/hamsac.org\/wp-content\/uploads\/2015\/06\/Toptan-sa\u00e7-300x225.jpg\" alt=\"Toptan sa\u00e7\" class=\"wp-image-154\"\/><\/a><\/figure><\/div>\n\n\n\n<p>Ham\n sa\u00e7 sa\u00e7lar\u0131n\u0131 uzatarak sa\u00e7lar\u0131n\u0131 ticari ama\u00e7, ba\u011f\u0131\u015f ya da dini \ninan\u00e7lar\u0131ndan dolay\u0131 uzatarak kestirilmi\u015f olan sa\u00e7lara ham sa\u00e7 denir. \nHam sa\u00e7 ba\u011f\u0131\u015f\u0131n\u0131 dini inan\u00e7lar\u0131 gere\u011fi yapan ki\u015filer ve bu sa\u00e7lar\u0131n \nkayna\u011f\u0131 hakk\u0131nda makalemizi okuyunuz. Elde edilen sa\u00e7lar ham sa\u00e7 i\u015fleme \nmerkezimizde sa\u00e7 gruplar\u0131na g\u00f6re ayr\u0131larak \u00f6nce tres sa\u00e7 olarak \nayarlan\u0131rlar. Tresli sa\u00e7lar \u00e7\u0131t \u00e7\u0131t sa\u00e7, posti\u015f ve peruk yap\u0131m\u0131 yan\u0131 \ns\u0131ra tres sa\u00e7 kaynak olarak da kullan\u0131l\u0131r.<\/p>\n\n\n\n<p>Ham sa\u00e7 kendi aras\u0131nda sa\u00e7lar\u0131n toplan\u0131\u015f bi\u00e7imlerine g\u00f6re kalite olarak farkl\u0131 gruplara ayr\u0131l\u0131r.<\/p>\n\n\n\n<p><strong>Ham sa\u00e7 gruplar\u0131<\/strong><\/p>\n\n\n\n<p>Virgin Hair: Boya, r\u00f6fle, perma gibi kimyasal i\u015flem g\u00f6rmemi\u015f ve 1 \nki\u015fiden kesilerek hepsi ayn\u0131 y\u00f6ne istiflenmi\u015f sa\u00e7lar en de\u011ferli olan AAA\n Grade Remy Virgin Hair diye adland\u0131rd\u0131\u011f\u0131m\u0131z sa\u00e7lar.<br>\nToplama Sa\u00e7lar: Hamam sa\u00e7\u0131, ya da sa\u00e7tan taranarak d\u00f6k\u00fclen sa\u00e7lar\u0131 \ntoplama y\u00f6ntemi ile zay\u0131f ve g\u00fc\u00e7s\u00fcz sa\u00e7lar\u0131n toplanmas\u0131 ile elde edilen \nve sa\u00e7 u\u00e7 ve dipleri ayn\u0131 y\u00f6ne bakmayan yani Non<\/p>\n\n\n\n<p>Remy sa\u00e7lard\u0131r. Bu sa\u00e7lar ikinci kalite sa\u00e7lard\u0131r. Sa\u00e7 kaynak , \nposti\u015f , \u00e7\u0131t \u00e7\u0131t sa\u00e7 ve peruk yap\u0131m\u0131 i\u00e7in uygun de\u011fildir. Bu sa\u00e7lar Remy\n olmad\u0131\u011f\u0131 i\u00e7in sa\u00e7 kayna\u011f\u0131nda kullan\u0131ld\u0131\u011f\u0131nda sa\u00e7 diplerinde \u00e7ekme \nyapar, kar\u0131\u015f\u0131r ve her y\u0131kamada dola\u015fma yapar. Fiyat olarak \u00e7ok ucuzdur.<br>\nBu sa\u00e7lar genelde ham sa\u00e7 ticareti yapmaya \u00e7al\u0131\u015fan amat\u00f6r ki\u015filere \u00e7ok \nucuz fiyatlara sat\u0131l\u0131r. Bu amat\u00f6r ki\u015filer genelde sa\u00e7 i\u015finden anlamayan,\n tekstil, in\u015faat, tahtakalede t\u00fcccarl\u0131k hatta yurtd\u0131\u015f\u0131n ile u\u011fra\u015fan \nkendisini bir \u015fekilde ham sa\u00e7 ticareti i\u00e7inde bulan amat\u00f6r ki\u015filerdir. \nHam sa\u00e7 merkezi \u201cAAA Grade Remy Virgin Hair\u201d yani 1. kalite sa\u00e7 \nharicinde bu t\u00fcr sa\u00e7lar\u0131n sat\u0131\u015f\u0131n\u0131 yapmamaktad\u0131r.<\/p>\n\n\n\n<p>Sorun ya\u015famayaca\u011f\u0131z , 1 . S\u0131n\u0131f ve % 100 Ger\u00e7ek \u0130nsan Sa\u00e7\u0131 sat\u0131n \nalmak i\u00e7in \u00c7a\u011fr\u0131 Merkezimizden bize ula\u015fabilirsiniz 444 3 671&nbsp; \/&nbsp; 0532 \n5928842<\/p>\n\n\n\n<p>Bizi sosyal medya da takip etmek isterseniz.<\/p>\n\n\n\n<ul class=\"wp-block-list\"><li>Facebook sayfam\u0131z : https:\/\/www.facebook.com\/sach.sac.kaynak.merkezi<\/li><li>\u0130nstagram sayfam\u0131z : http:\/\/instagram.com\/sackaynak#<\/li><li>Youtube : https:\/\/www.youtube.com\/user\/sackaynak\/videos<\/li><\/ul>\n\n\n\n<div class=\"wp-block-image\"><figure class=\"aligncenter\"><a href=\"https:\/\/web.archive.org\/web\/20180901074124\/http:\/\/hamsac.org\/wp-content\/uploads\/2015\/06\/Ham-Sa\u00e7-145-800x800.jpg\"><img decoding=\"async\" src=\"https:\/\/web.archive.org\/web\/20180901074124im_\/http:\/\/hamsac.org\/wp-content\/uploads\/2015\/06\/Ham-Sa\u00e7-145-800x800.jpg\" alt=\"Ham Sa\u00e7\" class=\"wp-image-155\"\/><\/a><\/figure><\/div>\n\n\n\n<div class=\"wp-block-image\"><figure class=\"aligncenter\"><a href=\"https:\/\/web.archive.org\/web\/20180901074124\/http:\/\/hamsac.org\/wp-content\/uploads\/2015\/06\/Ham-Sa\u00e7-153-800x800.jpg\"><img decoding=\"async\" src=\"https:\/\/web.archive.org\/web\/20180901074124im_\/http:\/\/hamsac.org\/wp-content\/uploads\/2015\/06\/Ham-Sa\u00e7-153-800x800.jpg\" alt=\"Ham Sa\u00e7\" class=\"wp-image-156\"\/><\/a><\/figure><\/div>\n\n\n\n<div class=\"wp-block-image\"><figure class=\"aligncenter\"><a href=\"https:\/\/web.archive.org\/web\/20180901074124\/http:\/\/hamsac.org\/wp-content\/uploads\/2015\/06\/ham-sa\u00e7-toptan.jpg\"><img decoding=\"async\" src=\"https:\/\/web.archive.org\/web\/20180901074124im_\/http:\/\/hamsac.org\/wp-content\/uploads\/2015\/06\/ham-sa\u00e7-toptan.jpg\" alt=\"ham sa\u00e7 toptan\" class=\"wp-image-157\"\/><\/a><\/figure><\/div>\n\n\n\n<div class=\"wp-block-image\"><figure class=\"aligncenter\"><a href=\"https:\/\/web.archive.org\/web\/20180901074124\/http:\/\/hamsac.org\/wp-content\/uploads\/2015\/06\/Ham-Sa\u00e7.jpg\"><img decoding=\"async\" src=\"https:\/\/web.archive.org\/web\/20180901074124im_\/http:\/\/hamsac.org\/wp-content\/uploads\/2015\/06\/Ham-Sa\u00e7.jpg\" alt=\"Ham Sa\u00e7\" class=\"wp-image-158\"\/><\/a><\/figure><\/div>\n\n\n\n<div class=\"wp-block-image\"><figure class=\"aligncenter\"><a href=\"https:\/\/web.archive.org\/web\/20180901074124\/http:\/\/hamsac.org\/wp-content\/uploads\/2015\/06\/Hamsa\u00e7-toptanc\u0131s\u0131.jpg\"><img decoding=\"async\" src=\"https:\/\/web.archive.org\/web\/20180901074124im_\/http:\/\/hamsac.org\/wp-content\/uploads\/2015\/06\/Hamsa\u00e7-toptanc\u0131s\u0131.jpg\" alt=\"Hamsa\u00e7 toptanc\u0131s\u0131\" class=\"wp-image-159\"\/><\/a><\/figure><\/div>\n","protected":false},"excerpt":{"rendered":"<p>Ham Sa\u00e7 \u00c7e\u015fitleri Ham sa\u00e7 sa\u00e7lar\u0131n\u0131 uzatarak sa\u00e7lar\u0131n\u0131 ticari ama\u00e7, ba\u011f\u0131\u015f ya da dini inan\u00e7lar\u0131ndan dolay\u0131 uzatarak kestirilmi\u015f olan sa\u00e7lara ham sa\u00e7 denir. Ham sa\u00e7 ba\u011f\u0131\u015f\u0131n\u0131 dini inan\u00e7lar\u0131 gere\u011fi yapan ki\u015filer ve bu sa\u00e7lar\u0131n kayna\u011f\u0131 hakk\u0131nda makalemizi okuyunuz. Elde edilen sa\u00e7lar ham sa\u00e7 i\u015fleme merkezimizde sa\u00e7 gruplar\u0131na<\/p>\n","protected":false},"author":1,"featured_media":0,"parent":0,"menu_order":0,"comment_status":"closed","ping_status":"closed","template":"","meta":{"footnotes":""},"tags":[],"class_list":["post-43","page","type-page","status-publish","hentry"],"aioseo_notices":[],"_links":{"self":[{"href":"http:\/\/www.hamsac.org\/index.php\/wp-json\/wp\/v2\/pages\/43","targetHints":{"allow":["GET"]}}],"collection":[{"href":"http:\/\/www.hamsac.org\/index.php\/wp-json\/wp\/v2\/pages"}],"about":[{"href":"http:\/\/www.hamsac.org\/index.php\/wp-json\/wp\/v2\/types\/page"}],"author":[{"embeddable":true,"href":"http:\/\/www.hamsac.org\/index.php\/wp-json\/wp\/v2\/users\/1"}],"replies":[{"embeddable":true,"href":"http:\/\/www.hamsac.org\/index.php\/wp-json\/wp\/v2\/comments?post=43"}],"version-history":[{"count":1,"href":"http:\/\/www.hamsac.org\/index.php\/wp-json\/wp\/v2\/pages\/43\/revisions"}],"predecessor-version":[{"id":45,"href":"http:\/\/www.hamsac.org\/index.php\/wp-json\/wp\/v2\/pages\/43\/revisions\/45"}],"wp:attachment":[{"href":"http:\/\/www.hamsac.org\/index.php\/wp-json\/wp\/v2\/media?parent=43"}],"wp:term":[{"taxonomy":"post_tag","embeddable":true,"href":"http:\/\/www.hamsac.org\/index.php\/wp-json\/wp\/v2\/tags?post=43"}],"curies":[{"name":"wp","href":"https:\/\/api.w.org\/{rel}","templated":true}]}}